mon divisor of 34 and y?
34
Let l = 35 + 21. Calculate the greatest common factor of 7 and l.
7
Let g be 1*(1 - 0) - 1. Suppose 2*m - 12 - 4 = g. Let y = -84 - -86. Calculate the highest common factor of m and y.
2
Suppose -s + 4*a + 6 = s, -3*a - 15 = -5*s. Suppose 3*d - 4*d + 6 = -f, 4*d = 16. Let b = 4 - f. What is the greatest common divisor of s and b?
3
Suppose 3*l - v - 33 = 0, -5*l + 11*v = 6*v - 65. What is the greatest common divisor of l and 50?
10
Let x = -72 + 77. Suppose -4*g + 15 + 145 = 0. Calculate the highest common factor of x and g.
5
Let s = 6 + -2. Suppose 0 = s*m + r - 19, 3*r + 3 + 6 = -m. Let a(q) = 6*q + 8. Let t be a(m). Calculate the greatest common factor of 11 and t.
11
Let a = 33 - 11. Suppose 7*w - 4*w + l - a = 0, -2*w + 10 = -4*l. Suppose -17 = -3*v + w. What is the greatest common divisor of 64 and v?
8
Let l = -41 - -71. What is the greatest common divisor of l and 20?
10
Let x(y) = y**2 + 7*y + 8. Let n be -3*(-2 + 1 + 3). Let t be x(n). What is the greatest common divisor of 2 and t?
2
Let v(m) = m**2 - 4. Let w be v(-3). Let s be 1/(-3) + 48/9. Calculate the greatest common divisor of w and s.
5
Suppose -6*g = -5*g + 8. Suppose -q + 70 = 5*l, -l - q + 23 = q. Let b = l + g. What is the highest common divisor of 5 and b?
5
Let b(m) be the second derivative of 16*m**4/3 + m**3/6 - 6*m. Let k be b(1). What is the highest common divisor of k and 13?
13
Let i be 5/2 - 1/(-2). Suppose -4*b - 14 = -2*d + 10, -5*d - i*b = -21. Suppose 0*f = f - 12. What is the greatest common divisor of d and f?
6
Let k be ((-33)/(-12))/((-2)/(-8)). Let h = -5 + k. Let y = 86 + -44. Calculate the highest common factor of h and y.
6
Let f(u) = -5*u + 4. Let n(t) = 1. Let k(m) = -f(m) + 3*n(m). Let v be k(1). Suppose -v*a + 42 = -3*a. What is the highest common factor of 14 and a?
14
Suppose -667 = -5*g - 127. Let z be 273/14 + (-2)/(-4). Let y = 32 - z. Calculate the highest common factor of y and g.
12
Let m = 24 + -17. Calculate the highest common divisor of m and 84.
7
Suppose 5*i + 5*b = 620, 3*i - 2*b - 309 - 73 = 0. Calculate the greatest common divisor of i and 18.
18
Suppose 654 = 11*r - 116. What is the highest common divisor of r and 14?
14
Let l be 0 + -1 + 1/(6/186). What is the greatest common divisor of 15 and l?
15
Let a = -129 - -186. Suppose -a - 3 = -5*o. Calculate the greatest common factor of 18 and o.
6
Let m(g) = -2*g**2 - g + 10. Let t be m(0). What is the greatest common divisor of 130 and t?
10
Suppose 4*b = -2*u + 3*b + 295, 0 = 5*u - 3*b - 710. Suppose -u = -2*z + 581. Suppose -z = -4*o + o. What is the greatest common divisor of o and 11?
11
Suppose -3*t = 2*t - 25, 5*h - t = 20. Suppose -h*c + 2*d + 12 = -2*c, c + 4*d - 18 = 0. What is the greatest common factor of c and 15?
3
Suppose 3*r + 8 = 7*r. Suppose 0 = -2*i + 2 + 2. Suppose r*j = 3*l + i, -2*l + 16 = j + 2*j. Calculate the highest common factor of 22 and l.
2
Let g = -155 + 39. Let w = g - -176. What is the highest common divisor of w and 12?
12
Let l = 6 + -2. Suppose l*p + 24 = 4*u, 2*p = -p - 6. Let y = -423 - -424. What is the highest common divisor of u and y?
1
Suppose -4*a - 48 = -516. Calculate the greatest common divisor of 26 and a.
13
Suppose -3*b - 15 = -4*m - 47, 0 = 4*m + 20. What is the greatest common divisor of b and 48?
4
Let c = -6 - -4. Let k be c/(-11) - (-262)/11. Suppose 2*b + b = k. Calculate the greatest common factor of b and 2.
2
Let b = 4 - 2. Suppose b*i + 60 = 5*i. Calculate the greatest common factor of 8 and i.
4
Let p be 4/10 + (-12)/5. Let a be (1/p)/(1/(-12)). What is the highest common divisor of 42 and a?
6
Let y(j) = -19*j. Let k be y(3). Let r = -30 - k. Suppose 3*z + 0*z - r = 0. Calculate the highest common factor of z and 9.
9
Let y = 46 - 34. What is the greatest common factor of 108 and y?
12
Let y = 152 + -79. Suppose y = 5*v - 17. Let d be (-1 + -5)*1/(-3). Calculate the highest common divisor of v and d.
2
Let f = 1 - -1. Let x = 3 + f. Suppose -115 = -3*d - 10. Calculate the highest common divisor of x and d.
5
Let i be 3*(-388)/6 - 2. Let q be 45/(-6)*i/21. Calculate the highest common divisor of q and 14.
14
Let t be ((-6)/1)/(16/(-120)). What is the greatest common factor of 9 and t?
9
Let v be 28/(-3)*(-39)/26. Calculate the greatest common divisor of 42 and v.
14
Let b be 16/(-20)*25/(-10). Calculate the greatest common divisor of b and 6.
2
Let q = 15 - 10. Suppose 0 = -2*v - 4*d + 26, -q*v - 3*d = 2*d - 80. Let n = v + -3. Calculate the highest common divisor of 16 and n.
16
Let w(m) = 2*m**2 - 5*m - 4. Let z be w(4). What is the highest common factor of 32 and z?
8
Let r = -5 + -9. Let p = -6 - r. Suppose l - 4*u = -2*l + 64, -l + 22 = -2*u. Calculate the highest common divisor of l and p.
4
Let k = -4 + 4. Let s be (95 - 1) + (2 - k). What is the highest common divisor of s and 12?
12
Let u be (-11)/(-6) + (-1)/(-6). Let d(q) = 3*q**2 - 3*q**2 + 14*q**3. Let k be d(u). Calculate the highest common divisor of 14 and k.
14
Let c = 59 + -38. What is the greatest common divisor of 3 and c?
3
Let h = -131 - -259. Suppose 2*x - h = -0*x. Calculate the greatest common divisor of x and 8.
8
Suppose 4*g = 88 - 28. Calculate the greatest common divisor of 120 and g.
15
Let a = 70 - 57. Suppose -3*i + 3*l - 25 = -4*i, 4*l + 23 = 3*i. What is the highest common factor of i and a?
13
Suppose -45 = 6*d - 7*d. What is the highest common divisor of 30 and d?
15
Let a(j) = -5*j - 6. Let p be a(-5). Let r(o) = -o**3 - 4*o**2 - 7*o - 3. Let b be r(-5). What is the highest common divisor of b and p?
19
Suppose -p = -4 - 2. What is the greatest common factor of 30 and p?
6
Suppose 4*d - 8 = 0, f + 0*f = -d + 50. Let v(i) = -i - 5. Let w be v(-11). Calculate the highest common divisor of f and w.
6
Suppose 0 = 3*n + 2*n - 10. Suppose -3 = 3*f - 2*l, 3*f = 3*l - 0 - 6. Let i be (4/2)/(f/8). Calculate the highest common factor of i and n.
2
Suppose -2*y - 3*y = -15. Suppose -3*v + 24 = 2*n + v, y*n - v = 43. What is the highest common divisor of n and 42?
14
Let a be (24/4)/((-3)/(-52)). Calculate the highest common factor of a and 13.
13
Let b(y) = y + 2. Let l be b(2). What is the highest common factor of l and 10?
2
Let y = 0 - -3. Let o be 1*y/(-2 + 3). Calculate the highest common divisor of 33 and o.
3
Let u be (12/9)/((-3)/(-36)). Calculate the highest common factor of 80 and u.
16
Let c(y) = -y**2 + 8*y - 2. Let b be c(6). Let a = 31 - -9. What is the highest common factor of b and a?
10
Suppose 33*p - 36*p + 90 = 0. Calculate the greatest common divisor of p and 40.
10
Suppose 2*r - 12 = -r, -4*a + 4*r + 344 = 0. Let w be 2/(-7) - 128/(-7). What is the greatest common factor of a and w?
18
Let t = 37 + -34. Calculate the highest common factor of 15 and t.
3
Let t(w) = -w + 10. Let a be t(0). Let h(c) = -c**3 + 3*c**2 + 5*c. Let m be h(4). Calculate the highest common divisor of m and a.
2
Suppose 0*z + 4*z - 44 = 0. Suppose 4*i = -y + 55, 0 = y + 2*i + 3*i - 60. Suppose 9 = a - y. What is the highest common factor of a and z?
11
Suppose 39 = 5*m - 3*t, 2*m + 0*m - t - 15 = 0. Let x = 13 + -9. Let r be 17 + (-2 + x - 1). What is the greatest common divisor of m and r?
6
Suppose 139 = 3*i + 4*r, -55 = -i - 2*r - 8. Suppose 2*t + 3*p = i, t = -2*t + 2*p + 48. Calculate the greatest common divisor of 27 and t.
9
Suppose 80 = -12*x + 17*x. Calculate the greatest common divisor of x and 112.
16
Let f(c) be the second derivative of 7*c**3/3 - 3*c**2/2 - 2*c. Let r be f(6). Suppose 31 = -5*k + r. What is the greatest common divisor of k and 60?
10
Let y(t) = t**2 + t - 6. Let z be y(0). Let o = -5 - z. What is the greatest common divisor of o and 4?
1
Let n(l) = -l**3 + 6*l**2 - 6*l - 6. Let y be n(4). Calculate the highest common factor of 46 and y.
2
Let q(h) = h**3 - 3*h**2 - 5*h - 8. Let x be q(6). Calculate the greatest common divisor of x and 7.
7
Let c = 8 - 6. What is the highest common divisor of 22 and c?
2
Suppose 2*h = 6*h - 72. What is the highest common divisor of 6 and h?
6
Suppose v - 5 - 7 = 0. Suppose -4*h + 143 = -2*g + 3*g, 0 = 4*h - 3*g - 147. What is the greatest common factor of h and v?
12
Let v(x) be the second derivative of -x**3 + 3*x**2/2 + 4*x. Let h be v(-4). Calculate the gr